3*q + 3*l + 2*l, 3*q = -2*l + 32. Let s = 64 + -31. What is the remainder when s is divided by q?
9
Suppose 231 = 8*u - 5*u. Calculate the remainder when u is divided by 39.
38
Suppose 4*f + 3*d - 137 = 0, 0 = -3*f + f + 2*d + 58. What is the remainder when 127 is divided by f?
31
Suppose h = -2 + 4. Suppose -2*k + 80 = h*k. What is the remainder when k is divided by (4/(-6))/((-6)/63)?
6
Suppose -16*c - 48 = -19*c. What is the remainder when 23 is divided by c?
7
Let b(s) = -10*s + s**3 - 8 + 4*s**2 - 1 + 8*s**2. What is the remainder when b(-12) is divided by 28?
27
Let j(f) = -f**3 - 13*f**2 - 40*f - 32. Suppose 18 = 4*s - s. What is the remainder when s is divided by j(-9)?
2
Let k be 4/6 + (-22)/(-3). Let j = -3 + k. Suppose -j*a - 57 + 172 = 0. Calculate the remainder when a is divided by 12.
11
Let m(f) = 2*f**2 + 1. Let r be m(1). Suppose -r*l - l = -128. What is the remainder when l is divided by 17?
15
Let n(s) = 2*s**2 + 9*s + 4. Let o(g) = -g**2 - g - 1. Let m(w) = -n(w) - 6*o(w). Calculate the remainder when m(-3) is divided by 25.
22
Suppose 2*f - 3*b - 15 = 0, -5*b = -0*f - f + 18. Suppose -2*v - f*y + 110 = y, 3*v + 3*y = 156. Calculate the remainder when v is divided by 13.
10
Let t = 1 + 2. Calculate the remainder when 7 is divided by t.
1
Let f(c) = c**2 + 6*c + 6. Let t(q) = 3*q**2 + 17*q + 19. Let w(g) = 7*f(g) - 2*t(g). Suppose j - 152 = -3*j. What is the remainder when j is divided by w(-9)?
12
Suppose 6 = -2*h + 192. Calculate the remainder when h is divided by 24.
21
Let h be 20/(-4)*(-2)/2. Let p = h + 0. Let m(y) = -y**2 + 8*y - 3. Calculate the remainder when 47 is divided by m(p).
11
Let z be (-2 + 3)/(1/3). Suppose z = -n + 4. Suppose 0 = 4*j + 2*g - 2, -g - 4 = -5*j - 2*g. Calculate the remainder when n is divided by j.
0
Suppose 4*s + c - 20 = 0, 0 = 4*s - 2*c - 0 - 8. Let l be 1 + 5/((-10)/s). Calculate the remainder when 20 is divided by 1*(22/(-2))/l.
9
Suppose 0 = 3*y - 18 - 6. Suppose v - y = -v. Calculate the remainder when 20 is divided by v/((-4)/(-5)) - -2.
6
Suppose 99 = 3*v + 3*l, l = -4*v - l + 126. Suppose 2*b + 3*a = 3, -2*b - 3*a + v = 3*b. What is the remainder when 15 is divided by b?
6
Suppose 0 = 5*c + 2*z - 254, -3*c - 5*z = -26 - 115. Suppose 5*w = 4*g - 68, 9*g - 5*g = w + c. What is the remainder when 22 is divided by g?
10
Suppose 62*h + 535 = 67*h. Calculate the remainder when h is divided by 18.
17
Let o(l) = -4*l + 3. Let j(a) = 2*a + 7. Let f be j(-5). What is the remainder when (50/4 + 2)*2 is divided by o(f)?
14
Suppose 4 = 2*v - 4. What is the remainder when v is divided by 3?
1
Suppose -31 = -8*x + 1. Calculate the remainder when 8 is divided by x.
0
Suppose 11 = p + 2*q, 5*p = q - 2*q + 37. Suppose 0 = -2*o - p + 3. Calculate the remainder when (-1 - o)/(5/135) is divided by 14.
13
Let s(o) = -84*o + 5. Calculate the remainder when s(-1) is divided by 23.
20
Let d(m) = 33*m - 13. Let c(k) = 17*k - 6. Let g(l) = 7*c(l) - 3*d(l). Calculate the remainder when g(2) is divided by 76/6*(-12)/(-8).
18
Suppose 5*f - 7*z - 52 = -3*z, 34 = 3*f - z. Let b(c) = 5*c**3 + 3*c**2 - 4*c + 1. What is the remainder when b(2) is divided by f?
9
Suppose 0 = 4*p - p - 51. Let i(n) = -n**3 + 9*n**2 - 8*n + 6. What is the remainder when i(5) is divided by p?
15
Suppose -6*s - 226 = -2*f - 4*s, s + 565 = 5*f. Calculate the remainder when f is divided by 29.
26
Suppose 0 = -3*p - 18 + 153. What is the remainder when p is divided by 4/14 + 246/21?
9
Let k = 126 + -111. What is the remainder when 51 is divided by k?
6
Let o(s) = 4 - s + 0*s + 0 + 5. Let p be o(9). Let m(b) = -b**2 - b + 6. Calculate the remainder when 11 is divided by m(p).
5
Suppose -4*w + 124 = 4*m, -2*w - m = 2*m - 58. Let i = -24 - -36. Calculate the remainder when w is divided by i.
11
Suppose -5*j = -y + 4, -5*y + 4*y = 4*j + 23. Let g = y - -16. What is the remainder when 19 is divided by g?
4
Let b(g) = -2*g - 11. Let j be b(-8). Suppose -c + j*c - 73 = u, c = -2*u + 16. What is the remainder when c is divided by 7?
4
Suppose -5*l = h - 49, 1 - 8 = l - 4*h. Calculate the remainder when (-4)/(-3)*153/6 is divided by l.
7
Let c(r) = 3*r**2 - 28*r + 13. Calculate the remainder when 10 is divided by c(9).
2
Let b = 6 + 4. Suppose b*j = 9*j + 8. Calculate the remainder when 14 is divided by j.
6
Let b = -27 + 46. Calculate the remainder when 52 is divided by b.
14
Let n(q) = q**2 + 7*q - 3. Let x(d) = 5*d - 2. What is the remainder when n(-9) is divided by x(2)?
7
Let w = -16 + 32. What is the remainder when w is divided by 9?
7
Let c be -2*(-2 - 0/3). Suppose c*t - 66 - 50 = 0. Suppose -60 = 2*v - 7*v - 2*h, 4*h - 30 = -v. What is the remainder when t is divided by v?
9
Calculate the remainder when ((-20)/6)/(4/(-78)) is divided by 133/(5 - -2) + 3.
21
Suppose -3*o + 28 = -0*o + 4*c, -3*o + 4 = -2*c. What is the remainder when 14 is divided by o?
2
Let u = 82 - 9. Suppose -5 - 1 = 2*r, 0 = -4*s + 3*r + u. What is the remainder when s is divided by 9?
7
Let n be (-8)/((-8)/2 - -2). Suppose 5*m - 4*m - n = 0. Suppose 5*w = 4*s - 33, 5*w - m*w - 1 = -3*s. What is the remainder when 2 is divided by s?
0
Suppose -7*f - 91 = -392. What is the remainder when f is divided by 9?
7
Let n(x) = -x**2 + 8*x - 6. Let s be n(5). Suppose 4*q - 100 = -q. Let g = s + q. What is the remainder when g is divided by 10?
9
Let l = 41 - 23. Let h = l - -24. Calculate the remainder when 32 is divided by h/(-9)*-3 - -3.
15
Suppose 0*h = 2*h - 4. Let o(l) = -l**3 - 3*l**2 - 4*l - 2. Suppose 2*r = -3*w - 7, -2*w - 4 = -2. What is the remainder when o(r) is divided by h?
0
Suppose 0*g + 6 = g + 2*z, -g + 2 = 4*z. What is the remainder when 19 is divided by g?
9
Let w = -7 - -1. Let s(d) = -d**2 + 6*d + 4. Let z be s(6). Calculate the remainder when (4/w)/(z/(-294)) is divided by 25.
24
Suppose -265 = 2*r - 7*r. Calculate the remainder when r is divided by 18.
17
Suppose 37 = 4*h + 9. Let z(r) = r**2 - 5. Calculate the remainder when z(4) is divided by h.
4
Let f(k) = -k**2 + 5*k + 10. Let b be f(8). Let p = 30 + b. What is the remainder when 45 is divided by p?
13
Suppose -4*s = -4*y + 12, 2*s - 9 = -y - 0*y. Suppose -2*x + 28 = -2*i, 3*x - 2*i - 44 = -2. Calculate the remainder when s/4 - (-237)/6 is divided by x.
12
Let u(v) = 2*v**2 - 3*v + 4. Calculate the remainder when u(2) is divided by 3.
0
Let k(w) = 28*w**3 + 1. Let h be k(1). Suppose -h = -n + 2*x + x, 19 = n + 2*x. What is the remainder when 45 is divided by n?
22
Suppose -3*d = d + 5*n - 215, -5*d + 3*n + 241 = 0. Suppose 50 = 5*l + 3*i, 5*l - 2*i - 3*i = d. What is the remainder when l is divided by 7?
3
Suppose 9 = 4*f - 7. Suppose -4*v + f = -4. Suppose -v*c + 55 = 4*n - 25, 2*n - 5*c - 64 = 0. What is the remainder when n is divided by 12?
10
Let s(q) = -3*q + 5. Let p(y) = -6*y + 10. Let m(b) = -6*p(b) + 13*s(b). What is the remainder when 39 is divided by m(-5)?
19
Let h(s) = -5*s**2 + 3*s - 19*s**3 - 4 + 18*s**3 + s. Calculate the remainder when h(-7) is divided by 17.
15
Let a(r) = -2*r - 4. Let t be a(-7). Suppose -7*b + t*b - 18 = 0. What is the remainder when 15 is divided by b?
3
Calculate the remainder when 43 is divided by ((-2)/3)/((-2)/33).
10
Let d(v) = v**3 + 4*v**2 - 4*v - 4. Calculate the remainder when 59 is divided by d(-4).
11
Suppose 9*x - 4*x - 350 = 0. Let j(i) = 26*i**2 - 2*i + 1. Let z be j(2). Let s = z - x. Calculate the remainder when s is divided by 11.
9
Let d = 62 + -26. Suppose 3*f - 93 = -d. Suppose 0 = -m - w + 6, f = m - 2*w + 4. What is the remainder when 16 is divided by m?
7
Suppose 486 = 7*f + 73. What is the remainder when f is divided by 16?
11
Suppose -3*o + 0*o = -6. Let a(r) = 3*r + 8*r**o - r**2 + 4*r**2. What is the remainder when a(-2) is divided by 20?
18
Let a(c) = 3*c - 19. Calculate the remainder when a(8) is divided by 2.
1
Suppose 40 = 2*k - 8. Calculate the remainder when 94 is divided by k.
22
Let v(z) = -8*z**2 - z**3 - 9 + 2*z**3 + 3*z - 3*z**2. Calculate the remainder when v(11) is divided by 9.
6
Let c(q) = -q**3 + 8*q**2 - 4*q + 2. Suppose -4*m = -49 + 1. Calculate the remainder when c(7) is divided by m.
11
Let g be (-5 - -11)*(-2)/(-6). Suppose -g*r + 6 = -r. Calculate the remainder when r is divided by (2 + -1*3)*-4.
2
Let z be (-4